{"id":426,"date":"2017-05-31T09:41:46","date_gmt":"2017-05-31T07:41:46","guid":{"rendered":"http:\/\/festivalclunydanse.com\/?page_id=426"},"modified":"2017-05-31T11:35:50","modified_gmt":"2017-05-31T09:35:50","slug":"edition-2016","status":"publish","type":"page","link":"https:\/\/festivalclunydanse.com\/?page_id=426","title":{"rendered":"\u00c9dition 2016"},"content":{"rendered":"<p style=\"text-align: center;\"><section id=\"huge_it_portfolio_container_12\" data-object-name=\"images_obj_12\">\r\n\t<div id=\"huge-it-container-loading-overlay_12\"><\/div>\r\n\t<div id=\"huge_it_portfolio_content_12\"\r\n\t\t\t class=\"portfolio-gallery-content elastic_grid view-elastic-grid\"\r\n\t\t \t data-show-loading=\"on\"\r\n\t\t\t data-image-behaviour=\"crop\">\r\n\r\n\t<\/div>\r\n<\/section><style>\r\n#huge_it_portfolio_container_12 ul#portfolio-filter {\r\n text-align: center;\r\n}\r\n\r\n#huge_it_portfolio_container_12 ul#portfolio-filter li {\r\n float: none;\r\n}\r\n\r\n#huge_it_portfolio_container_12 ul#portfolio-filter a {\r\n    display: inline-block;\r\n    color: #444444;\r\n    background-color: #F7F7F7;\r\n    padding: 8px;\r\n    border-radius: 4px;\r\n    -moz-border-radius: 4px;\r\n    -webkit-border-radius: 4px;\r\n}\r\n\r\n#huge_it_portfolio_container_12 ul#portfolio-filter li.current a {\r\n    color: #fff !important;\r\n    background-color: #666 !important;\r\n}\r\n\r\n#huge_it_portfolio_container_12 ul#portfolio-filter li.current a:hover {\r\n    color: #fff !important;\r\n    background-color: #666 !important;\r\n}\r\n\r\n#huge_it_portfolio_container_12 ul#portfolio-filter a:hover {\r\n    color: #fff;\r\n    background-color: #FF3845;\r\n}\r\n\r\n#huge_it_portfolio_container_12 #huge-it-container-loading-overlay_12 {\r\n    width: 100%;\r\n    height: 100%;\r\n    position: absolute;\r\n    z-index: 1;\r\n    background: url(https:\/\/festivalclunydanse.com\/wp-content\/plugins\/portfolio-gallery\/assets\/images\/loading\/loading-1.svg) center top;\r\n    background-repeat: no-repeat;\r\n    background-size: 60px auto;\r\n}\r\n\r\n#huge_it_portfolio_container_12 #huge_it_portfolio_content_12 {\r\n opacity: 0;\r\n}\r\n\r\n#huge_it_portfolio_container_12 {\r\n    position: relative;\r\n    display: inline-block;\r\n    width: 100%;\r\n}\r\n\r\n#huge_it_portfolio_content_12 .wagwep-container {\r\n display: none;\r\n}\r\n\r\n#huge_it_portfolio_content_12 ul.og-grid {\r\n    padding: 0;\r\n text-align: center;\r\n}\r\n\r\n#huge_it_portfolio_content_12 .og-grid > li {\r\n    width: 250px;\r\n    height: 150px;\r\n margin: 10px 5px 0 5px;\r\n}\r\n\r\n#huge_it_portfolio_content_12 .og-grid > li > a {\r\n    width: 100%;\r\n    height: 100%;\r\n    overflow: hidden;\r\n    box-shadow: none;\r\n    max-height: 150px;\r\n    border: solid #DEDEDE 0px;\r\n}\r\n\r\n#huge_it_portfolio_content_12 .og-grid li > a > img {\r\n max-width: none;\r\n    max-height: none;\r\n}\r\n\r\n#huge_it_portfolio_content_12 .og-grid > li > a > figure > span {\r\n    padding: 10px 0;\r\n    margin: 40px 20px 20px 20px;\r\n    color: #FFFFFF;\r\n    border-bottom: solid #FFFFFF 1px;\r\n    font-size: 16px;\r\n    text-align: center;\r\n}\r\n\r\n#huge_it_portfolio_content_12 .og-grid > li .og-pointer {\r\n    border-bottom-color: #222222;\r\n}\r\n\r\n#huge_it_portfolio_content_12 .og-grid > li > a > figure {\r\n    background: rgba(72,72,72,0.7) ;\r\n    margin: 0;\r\n}\r\n\r\n#huge_it_portfolio_content_12 .og-expander {\r\n    width: 100%;\r\n    background: rgba(34,34,34,1) ;\r\n left: 50%;\r\n    transform: translateX(-50%);\r\n}\r\n\r\n#huge_it_portfolio_content_12 .og-expander .elastislide-wrapper {\r\n    background-color: #313131;\r\n box-shadow: inset 0 0 10px #000;\r\n    -moz-box-shadow: inset 0 0 10px #000;\r\n    -webkit-box-shadow: inset 0 0 10px #000;\r\n    margin-bottom: 25px;\r\n    height: 100px;\r\n    box-sizing: content-box;\r\n}\r\n\r\n#huge_it_portfolio_content_12 .og-expander ul.elastislide-list {\r\n    padding: 0;\r\n}\r\n\r\n#huge_it_portfolio_content_12 .og-expander ul.elastislide-list li {\r\n    margin: 0 2% 5px 1%;\r\n    max-width: none !important;\r\n    max-height: none !important;\r\n    width: 100px !important;\r\n    height: 100px !important;\r\n}\r\n\r\n#huge_it_portfolio_content_12 .og-expander ul.elastislide-list li > a > img {\r\n    width: 100%;\r\n    height: 100%;\r\n    max-width: none;\r\n    max-height: none;\r\n    border: 2px solid #313131px;\r\n}\r\n\r\n#huge_it_portfolio_content_12 .og-expander ul.elastislide-list li > a > img.selected {\r\n    border: 2px solid #999999;\r\n}\r\n\r\n#huge_it_portfolio_content_12 .og-expander ul.elastislide-list li > a {\r\n    width: 100%;\r\n    height: 100%;\r\n}\r\n\r\n#huge_it_portfolio_content_12 .og-expander .og-details a.link-button {\r\n    font-size: 11px;\r\n    color: #9f9f9f;\r\n    background-color: #454545;\r\n    box-shadow: none;\r\n}\r\n\r\n#huge_it_portfolio_content_12 .og-expander .og-details a.link-button:hover {\r\n    color: #999;\r\n    background: -webkit-gradient(\r\n        linear, left top, left bottom,\r\n        from(#454545),\r\n        to(#131313));\r\n}\r\n\r\n#huge_it_portfolio_content_12 .og-expander .og-expander-inner {\r\n    display: inline-block;\r\n    width: 100%;\r\n}\r\n\r\n#huge_it_portfolio_content_12 .og-expander .og-details p {\r\n    font-size: 13px;\r\n    color: #999;\r\n    text-align: left;\r\n    margin: 0;\r\n}\r\n\r\n#huge_it_portfolio_content_12 .og-expander .og-close {\r\n    z-index: 999;\r\n}\r\n\r\n#huge_it_portfolio_content_12 .og-expander .og-details {\r\n    float: right;\r\n    height: auto;\r\n}\r\n\r\n#huge_it_portfolio_content_12 .og-expander .og-details h3 {\r\n    color: #FFFFFF;\r\n}\r\n\r\n#huge_it_portfolio_content_12 .og-fullimg {\r\n    height: 100%;\r\n    float: left;\r\n}\r\n\r\n#huge_it_portfolio_content_12 .og-fullimg img {\r\n    margin-bottom: 25px;\r\n    width: 100%;\r\n}\r\n\r\n#huge_it_portfolio_content_12 .og-fullimg iframe {\r\n    width: 100%;\r\n    border: none;\r\n}\r\n\r\n@media (max-width: 767px){\r\n    #huge_it_portfolio_content_12 .og-fullimg {\r\n        height: auto;\r\n    }\r\n}\r\n\r\n<\/style ><\/p>\n<h2 style=\"text-align: left;\"><strong>Programmation &#8211; 6\u00e8me \u00e9dition Cluny Danse<\/strong><\/h2>\n<p style=\"text-align: left;\">Cie LA VOUIVRE | TEKPAF | Cie PIC LA POULE | Cie UTILIT\u00c9 PUBLIQUE | COLLECTIF A\/R | Cie ITIN\u00c9RANCE | Cie CHYSALIDE | Cie SUBSTANCE | CRUCK<\/p>\n<h2 style=\"text-align: left;\"><a href=\"http:\/\/festivalclunydanse.com\/wp-content\/uploads\/2017\/05\/Programme-Cluny-Danse-2016.pdf\">Livret du programme | CLIQUEZ ICI !<\/a><\/h2>\n<p>&nbsp;<\/p>\n<h2>Galerie de photos<\/h2>\n<section id=\"huge_it_portfolio_container_13\" data-object-name=\"images_obj_13\">\r\n\t<div id=\"huge-it-container-loading-overlay_13\"><\/div>\r\n\t<div id=\"huge_it_portfolio_content_13\"\r\n\t\t\t class=\"portfolio-gallery-content elastic_grid view-elastic-grid\"\r\n\t\t \t data-show-loading=\"on\"\r\n\t\t\t data-image-behaviour=\"crop\">\r\n\r\n\t<\/div>\r\n<\/section><style>\r\n#huge_it_portfolio_container_13 ul#portfolio-filter {\r\n text-align: center;\r\n}\r\n\r\n#huge_it_portfolio_container_13 ul#portfolio-filter li {\r\n float: none;\r\n}\r\n\r\n#huge_it_portfolio_container_13 ul#portfolio-filter a {\r\n    display: inline-block;\r\n    color: #444444;\r\n    background-color: #F7F7F7;\r\n    padding: 8px;\r\n    border-radius: 4px;\r\n    -moz-border-radius: 4px;\r\n    -webkit-border-radius: 4px;\r\n}\r\n\r\n#huge_it_portfolio_container_13 ul#portfolio-filter li.current a {\r\n    color: #fff !important;\r\n    background-color: #666 !important;\r\n}\r\n\r\n#huge_it_portfolio_container_13 ul#portfolio-filter li.current a:hover {\r\n    color: #fff !important;\r\n    background-color: #666 !important;\r\n}\r\n\r\n#huge_it_portfolio_container_13 ul#portfolio-filter a:hover {\r\n    color: #fff;\r\n    background-color: #FF3845;\r\n}\r\n\r\n#huge_it_portfolio_container_13 #huge-it-container-loading-overlay_13 {\r\n    width: 100%;\r\n    height: 100%;\r\n    position: absolute;\r\n    z-index: 1;\r\n    background: url(https:\/\/festivalclunydanse.com\/wp-content\/plugins\/portfolio-gallery\/assets\/images\/loading\/loading-1.svg) center top;\r\n    background-repeat: no-repeat;\r\n    background-size: 60px auto;\r\n}\r\n\r\n#huge_it_portfolio_container_13 #huge_it_portfolio_content_13 {\r\n opacity: 0;\r\n}\r\n\r\n#huge_it_portfolio_container_13 {\r\n    position: relative;\r\n    display: inline-block;\r\n    width: 100%;\r\n}\r\n\r\n#huge_it_portfolio_content_13 .wagwep-container {\r\n display: none;\r\n}\r\n\r\n#huge_it_portfolio_content_13 ul.og-grid {\r\n    padding: 0;\r\n text-align: center;\r\n}\r\n\r\n#huge_it_portfolio_content_13 .og-grid > li {\r\n    width: 250px;\r\n    height: 150px;\r\n margin: 10px 5px 0 5px;\r\n}\r\n\r\n#huge_it_portfolio_content_13 .og-grid > li > a {\r\n    width: 100%;\r\n    height: 100%;\r\n    overflow: hidden;\r\n    box-shadow: none;\r\n    max-height: 150px;\r\n    border: solid #DEDEDE 0px;\r\n}\r\n\r\n#huge_it_portfolio_content_13 .og-grid li > a > img {\r\n max-width: none;\r\n    max-height: none;\r\n}\r\n\r\n#huge_it_portfolio_content_13 .og-grid > li > a > figure > span {\r\n    padding: 10px 0;\r\n    margin: 40px 20px 20px 20px;\r\n    color: #FFFFFF;\r\n    border-bottom: solid #FFFFFF 1px;\r\n    font-size: 16px;\r\n    text-align: center;\r\n}\r\n\r\n#huge_it_portfolio_content_13 .og-grid > li .og-pointer {\r\n    border-bottom-color: #222222;\r\n}\r\n\r\n#huge_it_portfolio_content_13 .og-grid > li > a > figure {\r\n    background: rgba(72,72,72,0.7) ;\r\n    margin: 0;\r\n}\r\n\r\n#huge_it_portfolio_content_13 .og-expander {\r\n    width: 100%;\r\n    background: rgba(34,34,34,1) ;\r\n left: 50%;\r\n    transform: translateX(-50%);\r\n}\r\n\r\n#huge_it_portfolio_content_13 .og-expander .elastislide-wrapper {\r\n    background-color: #313131;\r\n box-shadow: inset 0 0 10px #000;\r\n    -moz-box-shadow: inset 0 0 10px #000;\r\n    -webkit-box-shadow: inset 0 0 10px #000;\r\n    margin-bottom: 25px;\r\n    height: 100px;\r\n    box-sizing: content-box;\r\n}\r\n\r\n#huge_it_portfolio_content_13 .og-expander ul.elastislide-list {\r\n    padding: 0;\r\n}\r\n\r\n#huge_it_portfolio_content_13 .og-expander ul.elastislide-list li {\r\n    margin: 0 2% 5px 1%;\r\n    max-width: none !important;\r\n    max-height: none !important;\r\n    width: 100px !important;\r\n    height: 100px !important;\r\n}\r\n\r\n#huge_it_portfolio_content_13 .og-expander ul.elastislide-list li > a > img {\r\n    width: 100%;\r\n    height: 100%;\r\n    max-width: none;\r\n    max-height: none;\r\n    border: 2px solid #313131px;\r\n}\r\n\r\n#huge_it_portfolio_content_13 .og-expander ul.elastislide-list li > a > img.selected {\r\n    border: 2px solid #999999;\r\n}\r\n\r\n#huge_it_portfolio_content_13 .og-expander ul.elastislide-list li > a {\r\n    width: 100%;\r\n    height: 100%;\r\n}\r\n\r\n#huge_it_portfolio_content_13 .og-expander .og-details a.link-button {\r\n    font-size: 11px;\r\n    color: #9f9f9f;\r\n    background-color: #454545;\r\n    box-shadow: none;\r\n}\r\n\r\n#huge_it_portfolio_content_13 .og-expander .og-details a.link-button:hover {\r\n    color: #999;\r\n    background: -webkit-gradient(\r\n        linear, left top, left bottom,\r\n        from(#454545),\r\n        to(#131313));\r\n}\r\n\r\n#huge_it_portfolio_content_13 .og-expander .og-expander-inner {\r\n    display: inline-block;\r\n    width: 100%;\r\n}\r\n\r\n#huge_it_portfolio_content_13 .og-expander .og-details p {\r\n    font-size: 13px;\r\n    color: #999;\r\n    text-align: left;\r\n    margin: 0;\r\n}\r\n\r\n#huge_it_portfolio_content_13 .og-expander .og-close {\r\n    z-index: 999;\r\n}\r\n\r\n#huge_it_portfolio_content_13 .og-expander .og-details {\r\n    float: right;\r\n    height: auto;\r\n}\r\n\r\n#huge_it_portfolio_content_13 .og-expander .og-details h3 {\r\n    color: #FFFFFF;\r\n}\r\n\r\n#huge_it_portfolio_content_13 .og-fullimg {\r\n    height: 100%;\r\n    float: left;\r\n}\r\n\r\n#huge_it_portfolio_content_13 .og-fullimg img {\r\n    margin-bottom: 25px;\r\n    width: 100%;\r\n}\r\n\r\n#huge_it_portfolio_content_13 .og-fullimg iframe {\r\n    width: 100%;\r\n    border: none;\r\n}\r\n\r\n@media (max-width: 767px){\r\n    #huge_it_portfolio_content_13 .og-fullimg {\r\n        height: auto;\r\n    }\r\n}\r\n\r\n<\/style >\n<h2><\/h2>\n<h2>Flashmob 2016<\/h2>\n<h3>Apprendre le flashmob&#8230;<\/h3>\n<p><iframe width=\"720\" height=\"540\" src=\"https:\/\/www.youtube.com\/embed\/JCeHgK44awA?feature=oembed\" frameborder=\"0\" allowfullscreen><\/iframe><\/p>\n<p>&nbsp;<\/p>\n<h3>Au March\u00e9 !<\/h3>\n<p><iframe src=\"https:\/\/player.vimeo.com\/video\/168565867\" width=\"720\" height=\"405\" frameborder=\"0\" title=\"Flash mob 2016 - march&eacute; de Cluny\" webkitallowfullscreen mozallowfullscreen allowfullscreen><\/iframe><\/p>\n<p>&nbsp;<\/p>\n<h3>Au Narthex !<\/h3>\n<p><iframe src=\"https:\/\/player.vimeo.com\/video\/168251773\" width=\"720\" height=\"405\" frameborder=\"0\" title=\"Flash mob 2016 - narthex de l&#039;abbaye\" webkitallowfullscreen mozallowfullscreen allowfullscreen><\/iframe><\/p>\n","protected":false},"excerpt":{"rendered":"<p>Programmation &#8211; 6\u00e8me \u00e9dition Cluny Danse Cie LA VOUIVRE | TEKPAF | Cie PIC LA POULE | Cie UTILIT\u00c9 PUBLIQUE | COLLECTIF A\/R | Cie ITIN\u00c9RANCE | Cie CHYSALIDE | Cie SUBSTANCE | CRUCK Livret du programme | CLIQUEZ ICI<\/p>\n","protected":false},"author":1,"featured_media":0,"parent":0,"menu_order":0,"comment_status":"closed","ping_status":"closed","template":"","meta":{"_exactmetrics_skip_tracking":false,"_exactmetrics_sitenote_active":false,"_exactmetrics_sitenote_note":"","_exactmetrics_sitenote_category":0,"footnotes":""},"class_list":["post-426","page","type-page","status-publish","hentry"],"yoast_head":"<!-- This site is optimized with the Yoast SEO plugin v27.5 - https:\/\/yoast.com\/product\/yoast-seo-wordpress\/ -->\n<title>Edition 2016 - Festival Cluny Danse : Photos, vid\u00e9os et programme<\/title>\n<meta name=\"description\" content=\"Photos, vid\u00e9os et programme de l&#039;\u00e9dition 2016 du Festival Cluny Danse. Venez vite retrouver les images des spectacles, pr\u00e9sentations amateures et flashmob !\" \/>\n<meta name=\"robots\" content=\"index, follow, max-snippet:-1, max-image-preview:large, max-video-preview:-1\" \/>\n<link rel=\"canonical\" href=\"https:\/\/festivalclunydanse.com\/?page_id=426\" \/>\n<meta property=\"og:locale\" content=\"fr_FR\" \/>\n<meta property=\"og:type\" content=\"article\" \/>\n<meta property=\"og:title\" content=\"Edition 2016 - Festival Cluny Danse : Photos, vid\u00e9os et programme\" \/>\n<meta property=\"og:description\" content=\"Photos, vid\u00e9os et programme de l&#039;\u00e9dition 2016 du Festival Cluny Danse. Venez vite retrouver les images des spectacles, pr\u00e9sentations amateures et flashmob !\" \/>\n<meta property=\"og:url\" content=\"https:\/\/festivalclunydanse.com\/?page_id=426\" \/>\n<meta property=\"og:site_name\" content=\"Festival Cluny Danse\" \/>\n<meta property=\"article:publisher\" content=\"http:\/\/facebook.com\/legrandjete.celle\" \/>\n<meta property=\"article:modified_time\" content=\"2017-05-31T09:35:50+00:00\" \/>\n<meta name=\"twitter:card\" content=\"summary_large_image\" \/>\n<script type=\"application\/ld+json\" class=\"yoast-schema-graph\">{\"@context\":\"https:\\\/\\\/schema.org\",\"@graph\":[{\"@type\":\"WebPage\",\"@id\":\"https:\\\/\\\/festivalclunydanse.com\\\/?page_id=426\",\"url\":\"https:\\\/\\\/festivalclunydanse.com\\\/?page_id=426\",\"name\":\"Edition 2016 - Festival Cluny Danse : Photos, vid\u00e9os et programme\",\"isPartOf\":{\"@id\":\"https:\\\/\\\/festivalclunydanse.com\\\/#website\"},\"datePublished\":\"2017-05-31T07:41:46+00:00\",\"dateModified\":\"2017-05-31T09:35:50+00:00\",\"description\":\"Photos, vid\u00e9os et programme de l'\u00e9dition 2016 du Festival Cluny Danse. Venez vite retrouver les images des spectacles, pr\u00e9sentations amateures et flashmob !\",\"breadcrumb\":{\"@id\":\"https:\\\/\\\/festivalclunydanse.com\\\/?page_id=426#breadcrumb\"},\"inLanguage\":\"fr-BE\",\"potentialAction\":[{\"@type\":\"ReadAction\",\"target\":[\"https:\\\/\\\/festivalclunydanse.com\\\/?page_id=426\"]}]},{\"@type\":\"BreadcrumbList\",\"@id\":\"https:\\\/\\\/festivalclunydanse.com\\\/?page_id=426#breadcrumb\",\"itemListElement\":[{\"@type\":\"ListItem\",\"position\":1,\"name\":\"Home\",\"item\":\"https:\\\/\\\/festivalclunydanse.com\\\/\"},{\"@type\":\"ListItem\",\"position\":2,\"name\":\"\u00c9dition 2016\"}]},{\"@type\":\"WebSite\",\"@id\":\"https:\\\/\\\/festivalclunydanse.com\\\/#website\",\"url\":\"https:\\\/\\\/festivalclunydanse.com\\\/\",\"name\":\"Festival Cluny Danse\",\"description\":\"Organisateur : Compagnie Le grand jet\u00e9 ! \",\"potentialAction\":[{\"@type\":\"SearchAction\",\"target\":{\"@type\":\"EntryPoint\",\"urlTemplate\":\"https:\\\/\\\/festivalclunydanse.com\\\/?s={search_term_string}\"},\"query-input\":{\"@type\":\"PropertyValueSpecification\",\"valueRequired\":true,\"valueName\":\"search_term_string\"}}],\"inLanguage\":\"fr-BE\"}]}<\/script>\n<!-- \/ Yoast SEO plugin. -->","yoast_head_json":{"title":"Edition 2016 - Festival Cluny Danse : Photos, vid\u00e9os et programme","description":"Photos, vid\u00e9os et programme de l'\u00e9dition 2016 du Festival Cluny Danse. Venez vite retrouver les images des spectacles, pr\u00e9sentations amateures et flashmob !","robots":{"index":"index","follow":"follow","max-snippet":"max-snippet:-1","max-image-preview":"max-image-preview:large","max-video-preview":"max-video-preview:-1"},"canonical":"https:\/\/festivalclunydanse.com\/?page_id=426","og_locale":"fr_FR","og_type":"article","og_title":"Edition 2016 - Festival Cluny Danse : Photos, vid\u00e9os et programme","og_description":"Photos, vid\u00e9os et programme de l'\u00e9dition 2016 du Festival Cluny Danse. Venez vite retrouver les images des spectacles, pr\u00e9sentations amateures et flashmob !","og_url":"https:\/\/festivalclunydanse.com\/?page_id=426","og_site_name":"Festival Cluny Danse","article_publisher":"http:\/\/facebook.com\/legrandjete.celle","article_modified_time":"2017-05-31T09:35:50+00:00","twitter_card":"summary_large_image","schema":{"@context":"https:\/\/schema.org","@graph":[{"@type":"WebPage","@id":"https:\/\/festivalclunydanse.com\/?page_id=426","url":"https:\/\/festivalclunydanse.com\/?page_id=426","name":"Edition 2016 - Festival Cluny Danse : Photos, vid\u00e9os et programme","isPartOf":{"@id":"https:\/\/festivalclunydanse.com\/#website"},"datePublished":"2017-05-31T07:41:46+00:00","dateModified":"2017-05-31T09:35:50+00:00","description":"Photos, vid\u00e9os et programme de l'\u00e9dition 2016 du Festival Cluny Danse. Venez vite retrouver les images des spectacles, pr\u00e9sentations amateures et flashmob !","breadcrumb":{"@id":"https:\/\/festivalclunydanse.com\/?page_id=426#breadcrumb"},"inLanguage":"fr-BE","potentialAction":[{"@type":"ReadAction","target":["https:\/\/festivalclunydanse.com\/?page_id=426"]}]},{"@type":"BreadcrumbList","@id":"https:\/\/festivalclunydanse.com\/?page_id=426#breadcrumb","itemListElement":[{"@type":"ListItem","position":1,"name":"Home","item":"https:\/\/festivalclunydanse.com\/"},{"@type":"ListItem","position":2,"name":"\u00c9dition 2016"}]},{"@type":"WebSite","@id":"https:\/\/festivalclunydanse.com\/#website","url":"https:\/\/festivalclunydanse.com\/","name":"Festival Cluny Danse","description":"Organisateur : Compagnie Le grand jet\u00e9 ! ","potentialAction":[{"@type":"SearchAction","target":{"@type":"EntryPoint","urlTemplate":"https:\/\/festivalclunydanse.com\/?s={search_term_string}"},"query-input":{"@type":"PropertyValueSpecification","valueRequired":true,"valueName":"search_term_string"}}],"inLanguage":"fr-BE"}]}},"_links":{"self":[{"href":"https:\/\/festivalclunydanse.com\/index.php?rest_route=\/wp\/v2\/pages\/426","targetHints":{"allow":["GET"]}}],"collection":[{"href":"https:\/\/festivalclunydanse.com\/index.php?rest_route=\/wp\/v2\/pages"}],"about":[{"href":"https:\/\/festivalclunydanse.com\/index.php?rest_route=\/wp\/v2\/types\/page"}],"author":[{"embeddable":true,"href":"https:\/\/festivalclunydanse.com\/index.php?rest_route=\/wp\/v2\/users\/1"}],"replies":[{"embeddable":true,"href":"https:\/\/festivalclunydanse.com\/index.php?rest_route=%2Fwp%2Fv2%2Fcomments&post=426"}],"version-history":[{"count":11,"href":"https:\/\/festivalclunydanse.com\/index.php?rest_route=\/wp\/v2\/pages\/426\/revisions"}],"predecessor-version":[{"id":493,"href":"https:\/\/festivalclunydanse.com\/index.php?rest_route=\/wp\/v2\/pages\/426\/revisions\/493"}],"wp:attachment":[{"href":"https:\/\/festivalclunydanse.com\/index.php?rest_route=%2Fwp%2Fv2%2Fmedia&parent=426"}],"curies":[{"name":"wp","href":"https:\/\/api.w.org\/{rel}","templated":true}]}}