{"id":3566,"date":"2026-03-16T15:25:40","date_gmt":"2026-03-16T14:25:40","guid":{"rendered":"https:\/\/festivalclunydanse.com\/?page_id=3566"},"modified":"2026-03-16T16:12:05","modified_gmt":"2026-03-16T15:12:05","slug":"je-badine-avec-lamour-sylvain-riejou","status":"publish","type":"page","link":"https:\/\/festivalclunydanse.com\/?page_id=3566","title":{"rendered":"Je badine avec l&rsquo;amour &#8211; Sylvain Ri\u00e9jou"},"content":{"rendered":"\n<div class=\"wp-block-columns is-layout-flex wp-container-core-columns-is-layout-9d6595d7 wp-block-columns-is-layout-flex\">\n<div class=\"wp-block-column is-layout-flow wp-block-column-is-layout-flow\" style=\"flex-basis:70px\"><\/div>\n\n\n\n<div class=\"wp-block-column is-layout-flow wp-block-column-is-layout-flow\">\n<figure class=\"wp-block-video\"><video height=\"1080\" style=\"aspect-ratio: 1920 \/ 1080;\" width=\"1920\" controls src=\"https:\/\/festivalclunydanse.com\/wp-content\/uploads\/2026\/02\/Teaser-Je-Badine.YWHzLpXc.mp4.mp4\"><\/video><\/figure>\n<\/div>\n\n\n\n<div class=\"wp-block-column is-layout-flow wp-block-column-is-layout-flow\" style=\"flex-basis:70px\"><\/div>\n<\/div>\n\n\n<p><span style=\"color: #000000;\"><strong>Samedi 16 mai 2026<\/strong><\/span><br \/><span style=\"color: #000000;\"><strong>Heure de jeu<\/strong> : 21h00<\/span><br \/><span style=\"color: #000000;\"><strong>Lieu<\/strong> : Parc Abbatial<\/span><br \/><span style=\"color: #000000;\"><strong>Dur\u00e9e<\/strong> : 50 minutes\u00a0<\/span><br \/><span style=\"color: #000000;\">Tout public\u00a0<\/span><\/p>\n<p class=\"p1\"><span style=\"color: #000000;\">Enfant, j\u2019ai vite senti que quelque chose ne se passait pas comme il fallait. Du moins comme on me disait qu\u2019il fallait que \u00e7a se passe\u2026 Pourquoi Patrick Swayze et Brad Pitt me troublaient-ils beaucoup plus que Sophie Marceau ou Demi Moore ? Pourquoi la nuit, c\u2019\u00e9tait eux qui me rendaient visite dans mes r\u00eaves et non pas elles ? Pr\u00e9f\u00e9rant remettre ces questions \u00e0 plus tard, je me refugiais dans ces films, fascin\u00e9 par ces histoires romanesques. Incapable d\u2019exprimer et encore moins de vivre mon attirance pour mes copains d\u2019\u00e9cole, c\u2019est \u00e0 travers ces films que j\u2019ai construit ma vision des relations amoureuses. Mais alors, comment un enfant\/adolescent homosexuel construit son rapport \u00e0 l\u2019amour et \u00e0 la sensualit\u00e9, \u00e0 travers des films qui exposent des relations h\u00e9t\u00e9rosexuelles ? Des films qui de surcro\u00eet tiennent beaucoup plus de la fiction que de la r\u00e9alit\u00e9. Quelle confusion des genres se produit ? Quelle confusion aussi entre r\u00e9alit\u00e9 et fiction ? Quel rapport \u00e0 son propre corps et \u00e0 celui d\u2019autrui ?<\/span><\/p>\n<p><span style=\"color: #000000;\"><strong>Co-accueil<\/strong> : L&rsquo;Espace des Arts, Chalon-sur-sa\u00f4ne<\/span><\/p>\n<p class=\"p2\"><span style=\"color: #000000;\"><strong>Conception et interpr\u00e9tation<\/strong> : Sylvain Ri\u00e9jou <\/span><br \/><span style=\"color: #000000;\"><strong>Production<\/strong> : Association clich\u00e9 (Le Mans)<br \/><\/span><span style=\"color: #000000;\"><strong>Coproducteurs<\/strong> : Le Triangle \u2013 Cit\u00e9 de la danse (Rennes) ; le Centre National de Danse Contemporaine (Angers), Le Carreau du Temple (Paris) ; TU-Nantes &#8211; sc\u00e8ne conventionn\u00e9e pour la jeune cr\u00e9ation ; Bora Bora productions ; les Rencontres chor\u00e9graphiques internationales de Seine-Saint-Denis ; P\u00f4le Sud &#8211; CDCN (Strasbourg) ; L\u2019Entracte, sc\u00e8ne conventionn\u00e9e (Sabl\u00e9 sur Sarthe), Charleroi danse, centre chor\u00e9graphique Wallonie-Bruxelles (Belgique).<\/span><br \/><span style=\"color: #000000;\"><strong>Production, d\u00e9veloppement, diffusion<\/strong> : Marion Valentine, Charles-Eric Besnier-M\u00e9rand<\/span><br \/><span style=\"color: #000000;\"><strong>Cr\u00e9ation en \u00e9troite collaboration avec les interpr\u00e8tes<\/strong> : \u00c9milie Cornillot, Julien Gall\u00e9e-Ferr\u00e9 et Cl\u00e9mence Galliard.<\/span><br \/><span style=\"color: #000000;\"><strong>Contribution chor\u00e9graphique<\/strong> : Yoann Hourcade<\/span><br \/><span style=\"color: #000000;\"><strong>Regard dramaturgique<\/strong> : Jeanne Lepers<\/span><br \/><span style=\"color: #000000;\"><strong>Cr\u00e9ateur sonore<\/strong> : Emile Denize<\/span><br \/><span style=\"color: #000000;\"><strong>Lumi\u00e8res et r\u00e9gie g\u00e9n\u00e9rale<\/strong> : S\u00e9bastien Marc<\/span><br \/><span style=\"color: #000000;\"><strong>R\u00e9gie lumi\u00e8re en tourn\u00e9e<\/strong> : S\u00e9bastien Marc ou Damien Farelly<\/span><br \/><span style=\"color: #000000;\"><strong>R\u00e9gie son en tourn\u00e9e<\/strong> : J\u00e9r\u00e9my Morizeau ou Thomas Carpentier<\/span><br \/><span style=\"color: #000000;\"><strong>Remerciements<\/strong> : Chlo\u00e9 Ferrand et pour leurs regards et retours : Yvan Cl\u00e9dat, Tatiana Julien, Joachim Maudet, Coco Petitpierre et Herv\u00e9 Walbecq.<\/span><br \/><span style=\"color: #000000;\"><strong>Photos du spectacle<\/strong> : Vincent Curutchet<br \/><\/span><span style=\"color: #000000;\"><strong>Accueil en r\u00e9sidence<\/strong> : Micadanses (Paris) ; Centre National de la Danse (Pantin) ; Espace Francine Lancelot \u2013 Cie l\u2019\u00c9ventail (Sabl\u00e9 sur Sarthe), Espace Pierre Cardin &#8211; Th\u00e9\u00e2tre de la Ville (Paris), le Pavillon (Romainville), La Briqueterie \u2013 CDCN du Val de Marne (Vitry-sur-Seine).<\/span><\/p>\n<p><a href=\"https:\/\/www.borabora-productions.fr\/artistes\/sylvain-riejou\/\">Sylvain Ri\u00e9jou<\/a> s&rsquo;engage en 2017 sur une premi\u00e8re cr\u00e9ation au plateau qui deviendra une v\u00e9ritable signature et qui donne le ton des pi\u00e8ces \u00e0 venir, le solo : <em>Mieux vaut partir d&rsquo;un cliqu\u00e9 que d&rsquo;y arriver<\/em>. Son travail interroge les processus de cr\u00e9ation chor\u00e9graphique et les d\u00e9construit \u00e0 vue, dans des mises sc\u00e8nes ludiques de ses questionnements intimes. En 2018, il fonde l&rsquo;association Clich\u00e9, cr\u00e9\u00e9e \u00e0 Sabl\u00e9-sur-Sarthe puis implant\u00e9e au Mans et conventionn\u00e9e avec la DRAC des Pays de la Loire, \u00e0 partir de 2022.\u00a0<\/p>\n<p>\u00a0<\/p>\n\n\n<div class=\"wp-block-group is-layout-grid wp-container-core-group-is-layout-9649a0d9 wp-block-group-is-layout-grid\">\n<figure class=\"wp-block-image size-full\"><img decoding=\"async\" width=\"816\" height=\"531\" src=\"https:\/\/festivalclunydanse.com\/wp-content\/uploads\/2026\/03\/Logo_EDA_2020_noir.jpg.webp\" alt=\"\" class=\"wp-image-3650\" srcset=\"https:\/\/festivalclunydanse.com\/wp-content\/uploads\/2026\/03\/Logo_EDA_2020_noir.jpg.webp 816w, https:\/\/festivalclunydanse.com\/wp-content\/uploads\/2026\/03\/Logo_EDA_2020_noir.jpg-300x195.webp 300w, https:\/\/festivalclunydanse.com\/wp-content\/uploads\/2026\/03\/Logo_EDA_2020_noir.jpg-768x500.webp 768w\" sizes=\"(max-width: 816px) 100vw, 816px\" \/><\/figure>\n<\/div>\n","protected":false},"excerpt":{"rendered":"<p>Samedi 16 mai 2026Heure de jeu : 21h00Lieu : Parc AbbatialDur\u00e9e : 50 minutes\u00a0Tout public\u00a0 Enfant, j\u2019ai vite senti que quelque chose ne se passait pas comme il fallait. Du moins comme on me disait qu\u2019il fallait que \u00e7a se<\/p>\n","protected":false},"author":1,"featured_media":0,"parent":0,"menu_order":0,"comment_status":"closed","ping_status":"closed","template":"","meta":{"_exactmetrics_skip_tracking":false,"_exactmetrics_sitenote_active":false,"_exactmetrics_sitenote_note":"","_exactmetrics_sitenote_category":0,"footnotes":""},"class_list":["post-3566","page","type-page","status-publish","hentry"],"yoast_head":"<!-- This site is optimized with the Yoast SEO plugin v27.3 - https:\/\/yoast.com\/product\/yoast-seo-wordpress\/ -->\n<title>Je badine avec l&#039;amour - Sylvain Ri\u00e9jou - Festival Cluny Danse<\/title>\n<meta name=\"robots\" content=\"index, follow, max-snippet:-1, max-image-preview:large, max-video-preview:-1\" \/>\n<link rel=\"canonical\" href=\"https:\/\/festivalclunydanse.com\/?page_id=3566\" \/>\n<meta property=\"og:locale\" content=\"fr_FR\" \/>\n<meta property=\"og:type\" content=\"article\" \/>\n<meta property=\"og:title\" content=\"Je badine avec l&#039;amour - Sylvain Ri\u00e9jou - Festival Cluny Danse\" \/>\n<meta property=\"og:description\" content=\"Samedi 16 mai 2026Heure de jeu : 21h00Lieu : Parc AbbatialDur\u00e9e : 50 minutes\u00a0Tout public\u00a0 Enfant, j\u2019ai vite senti que quelque chose ne se passait pas comme il fallait. Du moins comme on me disait qu\u2019il fallait que \u00e7a se\" \/>\n<meta property=\"og:url\" content=\"https:\/\/festivalclunydanse.com\/?page_id=3566\" \/>\n<meta property=\"og:site_name\" content=\"Festival Cluny Danse\" \/>\n<meta property=\"article:publisher\" content=\"http:\/\/facebook.com\/legrandjete.celle\" \/>\n<meta property=\"article:modified_time\" content=\"2026-03-16T15:12:05+00:00\" \/>\n<meta property=\"og:image\" content=\"https:\/\/festivalclunydanse.com\/wp-content\/uploads\/2026\/03\/Logo_EDA_2020_noir.jpg.webp\" \/>\n\t<meta property=\"og:image:width\" content=\"816\" \/>\n\t<meta property=\"og:image:height\" content=\"531\" \/>\n\t<meta property=\"og:image:type\" content=\"image\/webp\" \/>\n<meta name=\"twitter:card\" content=\"summary_large_image\" \/>\n<meta name=\"twitter:label1\" content=\"Dur\u00e9e de lecture est.\" \/>\n\t<meta name=\"twitter:data1\" content=\"3 minutes\" \/>\n<script type=\"application\/ld+json\" class=\"yoast-schema-graph\">{\"@context\":\"https:\\\/\\\/schema.org\",\"@graph\":[{\"@type\":\"WebPage\",\"@id\":\"https:\\\/\\\/festivalclunydanse.com\\\/?page_id=3566\",\"url\":\"https:\\\/\\\/festivalclunydanse.com\\\/?page_id=3566\",\"name\":\"Je badine avec l'amour - Sylvain Ri\u00e9jou - Festival Cluny Danse\",\"isPartOf\":{\"@id\":\"https:\\\/\\\/festivalclunydanse.com\\\/#website\"},\"primaryImageOfPage\":{\"@id\":\"https:\\\/\\\/festivalclunydanse.com\\\/?page_id=3566#primaryimage\"},\"image\":{\"@id\":\"https:\\\/\\\/festivalclunydanse.com\\\/?page_id=3566#primaryimage\"},\"thumbnailUrl\":\"https:\\\/\\\/festivalclunydanse.com\\\/wp-content\\\/uploads\\\/2026\\\/03\\\/Logo_EDA_2020_noir.jpg.webp\",\"datePublished\":\"2026-03-16T14:25:40+00:00\",\"dateModified\":\"2026-03-16T15:12:05+00:00\",\"breadcrumb\":{\"@id\":\"https:\\\/\\\/festivalclunydanse.com\\\/?page_id=3566#breadcrumb\"},\"inLanguage\":\"fr-BE\",\"potentialAction\":[{\"@type\":\"ReadAction\",\"target\":[\"https:\\\/\\\/festivalclunydanse.com\\\/?page_id=3566\"]}]},{\"@type\":\"ImageObject\",\"inLanguage\":\"fr-BE\",\"@id\":\"https:\\\/\\\/festivalclunydanse.com\\\/?page_id=3566#primaryimage\",\"url\":\"https:\\\/\\\/festivalclunydanse.com\\\/wp-content\\\/uploads\\\/2026\\\/03\\\/Logo_EDA_2020_noir.jpg.webp\",\"contentUrl\":\"https:\\\/\\\/festivalclunydanse.com\\\/wp-content\\\/uploads\\\/2026\\\/03\\\/Logo_EDA_2020_noir.jpg.webp\",\"width\":816,\"height\":531},{\"@type\":\"BreadcrumbList\",\"@id\":\"https:\\\/\\\/festivalclunydanse.com\\\/?page_id=3566#breadcrumb\",\"itemListElement\":[{\"@type\":\"ListItem\",\"position\":1,\"name\":\"Home\",\"item\":\"https:\\\/\\\/festivalclunydanse.com\\\/\"},{\"@type\":\"ListItem\",\"position\":2,\"name\":\"Je badine avec l&rsquo;amour &#8211; Sylvain Ri\u00e9jou\"}]},{\"@type\":\"WebSite\",\"@id\":\"https:\\\/\\\/festivalclunydanse.com\\\/#website\",\"url\":\"https:\\\/\\\/festivalclunydanse.com\\\/\",\"name\":\"Festival Cluny Danse\",\"description\":\"Organisateur : Compagnie Le grand jet\u00e9 ! \",\"potentialAction\":[{\"@type\":\"SearchAction\",\"target\":{\"@type\":\"EntryPoint\",\"urlTemplate\":\"https:\\\/\\\/festivalclunydanse.com\\\/?s={search_term_string}\"},\"query-input\":{\"@type\":\"PropertyValueSpecification\",\"valueRequired\":true,\"valueName\":\"search_term_string\"}}],\"inLanguage\":\"fr-BE\"}]}<\/script>\n<!-- \/ Yoast SEO plugin. -->","yoast_head_json":{"title":"Je badine avec l'amour - Sylvain Ri\u00e9jou - Festival Cluny Danse","robots":{"index":"index","follow":"follow","max-snippet":"max-snippet:-1","max-image-preview":"max-image-preview:large","max-video-preview":"max-video-preview:-1"},"canonical":"https:\/\/festivalclunydanse.com\/?page_id=3566","og_locale":"fr_FR","og_type":"article","og_title":"Je badine avec l'amour - Sylvain Ri\u00e9jou - Festival Cluny Danse","og_description":"Samedi 16 mai 2026Heure de jeu : 21h00Lieu : Parc AbbatialDur\u00e9e : 50 minutes\u00a0Tout public\u00a0 Enfant, j\u2019ai vite senti que quelque chose ne se passait pas comme il fallait. Du moins comme on me disait qu\u2019il fallait que \u00e7a se","og_url":"https:\/\/festivalclunydanse.com\/?page_id=3566","og_site_name":"Festival Cluny Danse","article_publisher":"http:\/\/facebook.com\/legrandjete.celle","article_modified_time":"2026-03-16T15:12:05+00:00","og_image":[{"width":816,"height":531,"url":"https:\/\/festivalclunydanse.com\/wp-content\/uploads\/2026\/03\/Logo_EDA_2020_noir.jpg.webp","type":"image\/webp"}],"twitter_card":"summary_large_image","twitter_misc":{"Dur\u00e9e de lecture est.":"3 minutes"},"schema":{"@context":"https:\/\/schema.org","@graph":[{"@type":"WebPage","@id":"https:\/\/festivalclunydanse.com\/?page_id=3566","url":"https:\/\/festivalclunydanse.com\/?page_id=3566","name":"Je badine avec l'amour - Sylvain Ri\u00e9jou - Festival Cluny Danse","isPartOf":{"@id":"https:\/\/festivalclunydanse.com\/#website"},"primaryImageOfPage":{"@id":"https:\/\/festivalclunydanse.com\/?page_id=3566#primaryimage"},"image":{"@id":"https:\/\/festivalclunydanse.com\/?page_id=3566#primaryimage"},"thumbnailUrl":"https:\/\/festivalclunydanse.com\/wp-content\/uploads\/2026\/03\/Logo_EDA_2020_noir.jpg.webp","datePublished":"2026-03-16T14:25:40+00:00","dateModified":"2026-03-16T15:12:05+00:00","breadcrumb":{"@id":"https:\/\/festivalclunydanse.com\/?page_id=3566#breadcrumb"},"inLanguage":"fr-BE","potentialAction":[{"@type":"ReadAction","target":["https:\/\/festivalclunydanse.com\/?page_id=3566"]}]},{"@type":"ImageObject","inLanguage":"fr-BE","@id":"https:\/\/festivalclunydanse.com\/?page_id=3566#primaryimage","url":"https:\/\/festivalclunydanse.com\/wp-content\/uploads\/2026\/03\/Logo_EDA_2020_noir.jpg.webp","contentUrl":"https:\/\/festivalclunydanse.com\/wp-content\/uploads\/2026\/03\/Logo_EDA_2020_noir.jpg.webp","width":816,"height":531},{"@type":"BreadcrumbList","@id":"https:\/\/festivalclunydanse.com\/?page_id=3566#breadcrumb","itemListElement":[{"@type":"ListItem","position":1,"name":"Home","item":"https:\/\/festivalclunydanse.com\/"},{"@type":"ListItem","position":2,"name":"Je badine avec l&rsquo;amour &#8211; Sylvain Ri\u00e9jou"}]},{"@type":"WebSite","@id":"https:\/\/festivalclunydanse.com\/#website","url":"https:\/\/festivalclunydanse.com\/","name":"Festival Cluny Danse","description":"Organisateur : Compagnie Le grand jet\u00e9 ! ","potentialAction":[{"@type":"SearchAction","target":{"@type":"EntryPoint","urlTemplate":"https:\/\/festivalclunydanse.com\/?s={search_term_string}"},"query-input":{"@type":"PropertyValueSpecification","valueRequired":true,"valueName":"search_term_string"}}],"inLanguage":"fr-BE"}]}},"_links":{"self":[{"href":"https:\/\/festivalclunydanse.com\/index.php?rest_route=\/wp\/v2\/pages\/3566","targetHints":{"allow":["GET"]}}],"collection":[{"href":"https:\/\/festivalclunydanse.com\/index.php?rest_route=\/wp\/v2\/pages"}],"about":[{"href":"https:\/\/festivalclunydanse.com\/index.php?rest_route=\/wp\/v2\/types\/page"}],"author":[{"embeddable":true,"href":"https:\/\/festivalclunydanse.com\/index.php?rest_route=\/wp\/v2\/users\/1"}],"replies":[{"embeddable":true,"href":"https:\/\/festivalclunydanse.com\/index.php?rest_route=%2Fwp%2Fv2%2Fcomments&post=3566"}],"version-history":[{"count":6,"href":"https:\/\/festivalclunydanse.com\/index.php?rest_route=\/wp\/v2\/pages\/3566\/revisions"}],"predecessor-version":[{"id":3694,"href":"https:\/\/festivalclunydanse.com\/index.php?rest_route=\/wp\/v2\/pages\/3566\/revisions\/3694"}],"wp:attachment":[{"href":"https:\/\/festivalclunydanse.com\/index.php?rest_route=%2Fwp%2Fv2%2Fmedia&parent=3566"}],"curies":[{"name":"wp","href":"https:\/\/api.w.org\/{rel}","templated":true}]}}