{"id":3053,"date":"2025-03-05T15:55:03","date_gmt":"2025-03-05T14:55:03","guid":{"rendered":"https:\/\/festivalclunydanse.com\/?page_id=3053"},"modified":"2025-03-05T15:55:04","modified_gmt":"2025-03-05T14:55:04","slug":"edition-2024","status":"publish","type":"page","link":"https:\/\/festivalclunydanse.com\/?page_id=3053","title":{"rendered":"\u00c9dition 2024"},"content":{"rendered":"\n<p><strong>Programmation \u2013 12e \u00e9dition Festival Cluny Danse<\/strong><\/p>\n\n\n\n<p>Cie Fondament&rsquo;Arts, <em>F\u00e2-Dos <\/em>| Cie La Baleine-cargo <em>Ma montagne<\/em> | Cie Accrorap, <em>K.Attou<\/em> <em>Pr\u00e9lude<\/em> | Group Berthe, <em>Superbe(S)<\/em> | Fouad Boussouf, <em>Y\u00ebs <\/em>| Aina Alegre, <em>Etude 4, Fandango et autres cadences<\/em> | Cie Pi\u00e8ces D\u00e9tach\u00e9es, C. Grosjean <em>Fragments <\/em>| Cie Carna, <em>Des femmes respectables<\/em> | Cie Psaodi, <em>Cela aussi passera<\/em> | Cie Etra, M. Boubetra, <em>Intro<\/em> | <\/p>\n\n\n\n<p><a href=\"https:\/\/festivalclunydanse.com\/wp-content\/uploads\/2023\/05\/ClunyDanse_Programme_OK1.pdf\" target=\"_blank\" rel=\"noreferrer noopener\"><strong>Programme complet et d\u00e9taill\u00e9 ICI <\/strong><\/a><br><strong><a href=\"https:\/\/festivalclunydanse.com\/wp-content\/uploads\/2025\/03\/BILAN-FESTIVAL-CLUNY-DANSE-2024_compressed-1.pdf\">&#8212;<em>Bilan de l&rsquo;\u00e9dition 202<\/em>4-<\/a><\/strong><\/p>\n\n\n\n<figure class=\"wp-block-gallery has-nested-images columns-default is-cropped wp-block-gallery-1 is-layout-flex wp-block-gallery-is-layout-flex\">\n<figure class=\"wp-block-image size-full\"><a href=\"https:\/\/festivalclunydanse.com\/wp-content\/uploads\/2025\/03\/0412_Fa-dos-5_WEB.jpg\"><img decoding=\"async\" width=\"1024\" height=\"1024\" data-id=\"3064\" src=\"https:\/\/festivalclunydanse.com\/wp-content\/uploads\/2025\/03\/0412_Fa-dos-5_WEB.jpg\" alt=\"\" class=\"wp-image-3064\" srcset=\"https:\/\/festivalclunydanse.com\/wp-content\/uploads\/2025\/03\/0412_Fa-dos-5_WEB.jpg 1024w, https:\/\/festivalclunydanse.com\/wp-content\/uploads\/2025\/03\/0412_Fa-dos-5_WEB-300x300.jpg 300w, https:\/\/festivalclunydanse.com\/wp-content\/uploads\/2025\/03\/0412_Fa-dos-5_WEB-150x150.jpg 150w, https:\/\/festivalclunydanse.com\/wp-content\/uploads\/2025\/03\/0412_Fa-dos-5_WEB-768x768.jpg 768w, https:\/\/festivalclunydanse.com\/wp-content\/uploads\/2025\/03\/0412_Fa-dos-5_WEB-230x230.jpg 230w, https:\/\/festivalclunydanse.com\/wp-content\/uploads\/2025\/03\/0412_Fa-dos-5_WEB-365x365.jpg 365w\" sizes=\"(max-width: 1024px) 100vw, 1024px\" \/><\/a><figcaption class=\"wp-element-caption\">Cie Fondament&rsquo;Arts, <em>F\u00e2-Dos<\/em><\/figcaption><\/figure>\n\n\n\n<figure class=\"wp-block-image size-large\"><img decoding=\"async\" width=\"1024\" height=\"684\" data-id=\"3067\" src=\"https:\/\/festivalclunydanse.com\/wp-content\/uploads\/2025\/03\/0012_Ma_montagne__141_-Avec_accentuation-Bruit-Modifier_WEB-1024x684.jpg\" alt=\"\" class=\"wp-image-3067\" srcset=\"https:\/\/festivalclunydanse.com\/wp-content\/uploads\/2025\/03\/0012_Ma_montagne__141_-Avec_accentuation-Bruit-Modifier_WEB-1024x684.jpg 1024w, https:\/\/festivalclunydanse.com\/wp-content\/uploads\/2025\/03\/0012_Ma_montagne__141_-Avec_accentuation-Bruit-Modifier_WEB-300x200.jpg 300w, https:\/\/festivalclunydanse.com\/wp-content\/uploads\/2025\/03\/0012_Ma_montagne__141_-Avec_accentuation-Bruit-Modifier_WEB-768x513.jpg 768w, https:\/\/festivalclunydanse.com\/wp-content\/uploads\/2025\/03\/0012_Ma_montagne__141_-Avec_accentuation-Bruit-Modifier_WEB.jpg 1533w\" sizes=\"(max-width: 1024px) 100vw, 1024px\" \/><figcaption class=\"wp-element-caption\">Cie La Baleine-cargo, <em>Ma Montagne<\/em><\/figcaption><\/figure>\n\n\n\n<figure class=\"wp-block-image size-large\"><a href=\"https:\/\/festivalclunydanse.com\/wp-content\/uploads\/2025\/03\/0023_Prelude_Gilbert_20240517-7_WEB.jpg\"><img decoding=\"async\" width=\"1024\" height=\"683\" data-id=\"3068\" src=\"https:\/\/festivalclunydanse.com\/wp-content\/uploads\/2025\/03\/0023_Prelude_Gilbert_20240517-7_WEB-1024x683.jpg\" alt=\"\" class=\"wp-image-3068\" srcset=\"https:\/\/festivalclunydanse.com\/wp-content\/uploads\/2025\/03\/0023_Prelude_Gilbert_20240517-7_WEB-1024x683.jpg 1024w, https:\/\/festivalclunydanse.com\/wp-content\/uploads\/2025\/03\/0023_Prelude_Gilbert_20240517-7_WEB-300x200.jpg 300w, https:\/\/festivalclunydanse.com\/wp-content\/uploads\/2025\/03\/0023_Prelude_Gilbert_20240517-7_WEB-768x512.jpg 768w, https:\/\/festivalclunydanse.com\/wp-content\/uploads\/2025\/03\/0023_Prelude_Gilbert_20240517-7_WEB.jpg 1536w\" sizes=\"(max-width: 1024px) 100vw, 1024px\" \/><\/a><figcaption class=\"wp-element-caption\">Cie Accrorap &#8211; K. Attou, <em>Pr\u00e9lude<\/em><\/figcaption><\/figure>\n\n\n\n<figure class=\"wp-block-image size-large\"><a href=\"https:\/\/festivalclunydanse.com\/wp-content\/uploads\/2025\/03\/0145_Superbe_Gilbert_20240517-5_WEB.jpg\"><img decoding=\"async\" width=\"1024\" height=\"576\" data-id=\"3069\" src=\"https:\/\/festivalclunydanse.com\/wp-content\/uploads\/2025\/03\/0145_Superbe_Gilbert_20240517-5_WEB-1024x576.jpg\" alt=\"\" class=\"wp-image-3069\" srcset=\"https:\/\/festivalclunydanse.com\/wp-content\/uploads\/2025\/03\/0145_Superbe_Gilbert_20240517-5_WEB-1024x576.jpg 1024w, https:\/\/festivalclunydanse.com\/wp-content\/uploads\/2025\/03\/0145_Superbe_Gilbert_20240517-5_WEB-300x169.jpg 300w, https:\/\/festivalclunydanse.com\/wp-content\/uploads\/2025\/03\/0145_Superbe_Gilbert_20240517-5_WEB-768x432.jpg 768w, https:\/\/festivalclunydanse.com\/wp-content\/uploads\/2025\/03\/0145_Superbe_Gilbert_20240517-5_WEB-1536x864.jpg 1536w, https:\/\/festivalclunydanse.com\/wp-content\/uploads\/2025\/03\/0145_Superbe_Gilbert_20240517-5_WEB.jpg 1600w\" sizes=\"(max-width: 1024px) 100vw, 1024px\" \/><\/a><figcaption class=\"wp-element-caption\">Group Berthe,<em> Superbe(S)<\/em><\/figcaption><\/figure>\n\n\n\n<figure class=\"wp-block-image size-large\"><a href=\"https:\/\/festivalclunydanse.com\/wp-content\/uploads\/2025\/03\/0204_Yes_Gilbert_20240518-3_WEB.jpg\"><img decoding=\"async\" width=\"1024\" height=\"683\" data-id=\"3070\" src=\"https:\/\/festivalclunydanse.com\/wp-content\/uploads\/2025\/03\/0204_Yes_Gilbert_20240518-3_WEB-1024x683.jpg\" alt=\"\" class=\"wp-image-3070\" srcset=\"https:\/\/festivalclunydanse.com\/wp-content\/uploads\/2025\/03\/0204_Yes_Gilbert_20240518-3_WEB-1024x683.jpg 1024w, https:\/\/festivalclunydanse.com\/wp-content\/uploads\/2025\/03\/0204_Yes_Gilbert_20240518-3_WEB-300x200.jpg 300w, https:\/\/festivalclunydanse.com\/wp-content\/uploads\/2025\/03\/0204_Yes_Gilbert_20240518-3_WEB-768x512.jpg 768w, https:\/\/festivalclunydanse.com\/wp-content\/uploads\/2025\/03\/0204_Yes_Gilbert_20240518-3_WEB.jpg 1536w\" sizes=\"(max-width: 1024px) 100vw, 1024px\" \/><\/a><figcaption class=\"wp-element-caption\">Fouad Boussouf, <em>Y<\/em>\u00ebs<\/figcaption><\/figure>\n\n\n\n<figure class=\"wp-block-image size-large\"><a href=\"https:\/\/festivalclunydanse.com\/wp-content\/uploads\/2025\/03\/0432_Femme_respectable-10_WEB.jpg\"><img decoding=\"async\" width=\"1024\" height=\"684\" data-id=\"3062\" src=\"https:\/\/festivalclunydanse.com\/wp-content\/uploads\/2025\/03\/0432_Femme_respectable-10_WEB-1024x684.jpg\" alt=\"\" class=\"wp-image-3062\" srcset=\"https:\/\/festivalclunydanse.com\/wp-content\/uploads\/2025\/03\/0432_Femme_respectable-10_WEB-1024x684.jpg 1024w, https:\/\/festivalclunydanse.com\/wp-content\/uploads\/2025\/03\/0432_Femme_respectable-10_WEB-300x200.jpg 300w, https:\/\/festivalclunydanse.com\/wp-content\/uploads\/2025\/03\/0432_Femme_respectable-10_WEB-768x513.jpg 768w, https:\/\/festivalclunydanse.com\/wp-content\/uploads\/2025\/03\/0432_Femme_respectable-10_WEB.jpg 1534w\" sizes=\"(max-width: 1024px) 100vw, 1024px\" \/><\/a><figcaption class=\"wp-element-caption\">Cie Carna, <em>Des femmes respectables<\/em><\/figcaption><\/figure>\n\n\n\n<figure class=\"wp-block-image size-full\"><a href=\"https:\/\/festivalclunydanse.com\/wp-content\/uploads\/2025\/03\/0449_Fragments-6_WEB.jpg\"><img decoding=\"async\" width=\"684\" height=\"1024\" data-id=\"3065\" src=\"https:\/\/festivalclunydanse.com\/wp-content\/uploads\/2025\/03\/0449_Fragments-6_WEB.jpg\" alt=\"\" class=\"wp-image-3065\" srcset=\"https:\/\/festivalclunydanse.com\/wp-content\/uploads\/2025\/03\/0449_Fragments-6_WEB.jpg 684w, https:\/\/festivalclunydanse.com\/wp-content\/uploads\/2025\/03\/0449_Fragments-6_WEB-200x300.jpg 200w\" sizes=\"(max-width: 684px) 100vw, 684px\" \/><\/a><figcaption class=\"wp-element-caption\">Cie Pi\u00e8ces D\u00e9tach\u00e9es &#8211; C. Grosjean, <em>Fragments<\/em><\/figcaption><\/figure>\n\n\n\n<figure class=\"wp-block-image size-large\"><a href=\"https:\/\/festivalclunydanse.com\/wp-content\/uploads\/2025\/03\/0522_Samedi_aprem_theatre_reduites___38__WEB.jpg\"><img decoding=\"async\" width=\"768\" height=\"1024\" data-id=\"3075\" src=\"https:\/\/festivalclunydanse.com\/wp-content\/uploads\/2025\/03\/0522_Samedi_aprem_theatre_reduites___38__WEB-edited.jpg\" alt=\"\" class=\"wp-image-3075\" srcset=\"https:\/\/festivalclunydanse.com\/wp-content\/uploads\/2025\/03\/0522_Samedi_aprem_theatre_reduites___38__WEB-edited.jpg 768w, https:\/\/festivalclunydanse.com\/wp-content\/uploads\/2025\/03\/0522_Samedi_aprem_theatre_reduites___38__WEB-edited-225x300.jpg 225w\" sizes=\"(max-width: 768px) 100vw, 768px\" \/><\/a><figcaption class=\"wp-element-caption\">Aina Alegre, <em>Etude 4, Fandango et autres cadences<\/em><\/figcaption><\/figure>\n\n\n\n<figure class=\"wp-block-image size-large\"><a href=\"https:\/\/festivalclunydanse.com\/wp-content\/uploads\/2025\/03\/0240_Cela_passera_Gilbert_20240519-19_WEB.jpg\"><img decoding=\"async\" width=\"648\" height=\"864\" data-id=\"3074\" src=\"https:\/\/festivalclunydanse.com\/wp-content\/uploads\/2025\/03\/0240_Cela_passera_Gilbert_20240519-19_WEB-edited-1.jpg\" alt=\"\" class=\"wp-image-3074\" srcset=\"https:\/\/festivalclunydanse.com\/wp-content\/uploads\/2025\/03\/0240_Cela_passera_Gilbert_20240519-19_WEB-edited-1.jpg 648w, https:\/\/festivalclunydanse.com\/wp-content\/uploads\/2025\/03\/0240_Cela_passera_Gilbert_20240519-19_WEB-edited-1-225x300.jpg 225w\" sizes=\"(max-width: 648px) 100vw, 648px\" \/><\/a><figcaption class=\"wp-element-caption\">Cie Psaodi, <em>Cela aussi passera<\/em><\/figcaption><\/figure>\n\n\n\n<figure class=\"wp-block-image size-large\"><a href=\"https:\/\/festivalclunydanse.com\/wp-content\/uploads\/2025\/03\/0217_Intro_Gilbert_20240519-4_WEB.jpg\"><img decoding=\"async\" width=\"1024\" height=\"683\" data-id=\"3066\" src=\"https:\/\/festivalclunydanse.com\/wp-content\/uploads\/2025\/03\/0217_Intro_Gilbert_20240519-4_WEB-1024x683.jpg\" alt=\"\" class=\"wp-image-3066\" srcset=\"https:\/\/festivalclunydanse.com\/wp-content\/uploads\/2025\/03\/0217_Intro_Gilbert_20240519-4_WEB-1024x683.jpg 1024w, https:\/\/festivalclunydanse.com\/wp-content\/uploads\/2025\/03\/0217_Intro_Gilbert_20240519-4_WEB-300x200.jpg 300w, https:\/\/festivalclunydanse.com\/wp-content\/uploads\/2025\/03\/0217_Intro_Gilbert_20240519-4_WEB-768x512.jpg 768w, https:\/\/festivalclunydanse.com\/wp-content\/uploads\/2025\/03\/0217_Intro_Gilbert_20240519-4_WEB.jpg 1536w\" sizes=\"(max-width: 1024px) 100vw, 1024px\" \/><\/a><figcaption class=\"wp-element-caption\">Cie Etra, M. Boubetra, <em>Intro<\/em><\/figcaption><\/figure>\n\n\n\n<figure class=\"wp-block-image size-large\"><a href=\"https:\/\/festivalclunydanse.com\/wp-content\/uploads\/2025\/03\/0437_Flashmob-2_WEB.jpg\"><img decoding=\"async\" width=\"1024\" height=\"683\" data-id=\"3072\" src=\"https:\/\/festivalclunydanse.com\/wp-content\/uploads\/2025\/03\/0437_Flashmob-2_WEB-1024x683.jpg\" alt=\"\" class=\"wp-image-3072\" srcset=\"https:\/\/festivalclunydanse.com\/wp-content\/uploads\/2025\/03\/0437_Flashmob-2_WEB-1024x683.jpg 1024w, https:\/\/festivalclunydanse.com\/wp-content\/uploads\/2025\/03\/0437_Flashmob-2_WEB-300x200.jpg 300w, https:\/\/festivalclunydanse.com\/wp-content\/uploads\/2025\/03\/0437_Flashmob-2_WEB-768x512.jpg 768w, https:\/\/festivalclunydanse.com\/wp-content\/uploads\/2025\/03\/0437_Flashmob-2_WEB.jpg 1536w\" sizes=\"(max-width: 1024px) 100vw, 1024px\" \/><\/a><figcaption class=\"wp-element-caption\">Flashmob (Cie Fondament&rsquo;Arts)<\/figcaption><\/figure>\n<\/figure>\n\n\n\n<div class=\"wp-block-group\"><div class=\"wp-block-group__inner-container is-layout-constrained wp-block-group-is-layout-constrained\"><\/div><\/div>\n\n\n\n<p><\/p>\n","protected":false},"excerpt":{"rendered":"<p>Programmation \u2013 12e \u00e9dition Festival Cluny Danse Cie Fondament&rsquo;Arts, F\u00e2-Dos | Cie La Baleine-cargo Ma montagne | Cie Accrorap, K.Attou Pr\u00e9lude | Group Berthe, Superbe(S) | Fouad Boussouf, Y\u00ebs | Aina Alegre, Etude 4, Fandango et autres cadences | Cie<\/p>\n","protected":false},"author":1,"featured_media":0,"parent":0,"menu_order":0,"comment_status":"closed","ping_status":"closed","template":"","meta":{"_exactmetrics_skip_tracking":false,"_exactmetrics_sitenote_active":false,"_exactmetrics_sitenote_note":"","_exactmetrics_sitenote_category":0,"footnotes":""},"class_list":["post-3053","page","type-page","status-publish","hentry"],"yoast_head":"<!-- This site is optimized with the Yoast SEO plugin v27.5 - https:\/\/yoast.com\/product\/yoast-seo-wordpress\/ -->\n<title>\u00c9dition 2024 - Festival Cluny Danse<\/title>\n<meta name=\"robots\" content=\"index, follow, max-snippet:-1, max-image-preview:large, max-video-preview:-1\" \/>\n<link rel=\"canonical\" href=\"https:\/\/festivalclunydanse.com\/?page_id=3053\" \/>\n<meta property=\"og:locale\" content=\"fr_FR\" \/>\n<meta property=\"og:type\" content=\"article\" \/>\n<meta property=\"og:title\" content=\"\u00c9dition 2024 - Festival Cluny Danse\" \/>\n<meta property=\"og:description\" content=\"Programmation \u2013 12e \u00e9dition Festival Cluny Danse Cie Fondament&rsquo;Arts, F\u00e2-Dos | Cie La Baleine-cargo Ma montagne | Cie Accrorap, K.Attou Pr\u00e9lude | Group Berthe, Superbe(S) | Fouad Boussouf, Y\u00ebs | Aina Alegre, Etude 4, Fandango et autres cadences | Cie\" \/>\n<meta property=\"og:url\" content=\"https:\/\/festivalclunydanse.com\/?page_id=3053\" \/>\n<meta property=\"og:site_name\" content=\"Festival Cluny Danse\" \/>\n<meta property=\"article:publisher\" content=\"http:\/\/facebook.com\/legrandjete.celle\" \/>\n<meta property=\"article:modified_time\" content=\"2025-03-05T14:55:04+00:00\" \/>\n<meta property=\"og:image\" content=\"https:\/\/festivalclunydanse.com\/wp-content\/uploads\/2025\/03\/0412_Fa-dos-5_WEB.jpg\" \/>\n<meta name=\"twitter:card\" content=\"summary_large_image\" \/>\n<meta name=\"twitter:label1\" content=\"Dur\u00e9e de lecture est.\" \/>\n\t<meta name=\"twitter:data1\" content=\"3 minutes\" \/>\n<script type=\"application\/ld+json\" class=\"yoast-schema-graph\">{\"@context\":\"https:\\\/\\\/schema.org\",\"@graph\":[{\"@type\":\"WebPage\",\"@id\":\"https:\\\/\\\/festivalclunydanse.com\\\/?page_id=3053\",\"url\":\"https:\\\/\\\/festivalclunydanse.com\\\/?page_id=3053\",\"name\":\"\u00c9dition 2024 - Festival Cluny Danse\",\"isPartOf\":{\"@id\":\"https:\\\/\\\/festivalclunydanse.com\\\/#website\"},\"primaryImageOfPage\":{\"@id\":\"https:\\\/\\\/festivalclunydanse.com\\\/?page_id=3053#primaryimage\"},\"image\":{\"@id\":\"https:\\\/\\\/festivalclunydanse.com\\\/?page_id=3053#primaryimage\"},\"thumbnailUrl\":\"https:\\\/\\\/festivalclunydanse.com\\\/wp-content\\\/uploads\\\/2025\\\/03\\\/0412_Fa-dos-5_WEB.jpg\",\"datePublished\":\"2025-03-05T14:55:03+00:00\",\"dateModified\":\"2025-03-05T14:55:04+00:00\",\"breadcrumb\":{\"@id\":\"https:\\\/\\\/festivalclunydanse.com\\\/?page_id=3053#breadcrumb\"},\"inLanguage\":\"fr-BE\",\"potentialAction\":[{\"@type\":\"ReadAction\",\"target\":[\"https:\\\/\\\/festivalclunydanse.com\\\/?page_id=3053\"]}]},{\"@type\":\"ImageObject\",\"inLanguage\":\"fr-BE\",\"@id\":\"https:\\\/\\\/festivalclunydanse.com\\\/?page_id=3053#primaryimage\",\"url\":\"https:\\\/\\\/festivalclunydanse.com\\\/wp-content\\\/uploads\\\/2025\\\/03\\\/0412_Fa-dos-5_WEB.jpg\",\"contentUrl\":\"https:\\\/\\\/festivalclunydanse.com\\\/wp-content\\\/uploads\\\/2025\\\/03\\\/0412_Fa-dos-5_WEB.jpg\"},{\"@type\":\"BreadcrumbList\",\"@id\":\"https:\\\/\\\/festivalclunydanse.com\\\/?page_id=3053#breadcrumb\",\"itemListElement\":[{\"@type\":\"ListItem\",\"position\":1,\"name\":\"Home\",\"item\":\"https:\\\/\\\/festivalclunydanse.com\\\/\"},{\"@type\":\"ListItem\",\"position\":2,\"name\":\"\u00c9dition 2024\"}]},{\"@type\":\"WebSite\",\"@id\":\"https:\\\/\\\/festivalclunydanse.com\\\/#website\",\"url\":\"https:\\\/\\\/festivalclunydanse.com\\\/\",\"name\":\"Festival Cluny Danse\",\"description\":\"Organisateur : Compagnie Le grand jet\u00e9 ! \",\"potentialAction\":[{\"@type\":\"SearchAction\",\"target\":{\"@type\":\"EntryPoint\",\"urlTemplate\":\"https:\\\/\\\/festivalclunydanse.com\\\/?s={search_term_string}\"},\"query-input\":{\"@type\":\"PropertyValueSpecification\",\"valueRequired\":true,\"valueName\":\"search_term_string\"}}],\"inLanguage\":\"fr-BE\"}]}<\/script>\n<!-- \/ Yoast SEO plugin. -->","yoast_head_json":{"title":"\u00c9dition 2024 - Festival Cluny Danse","robots":{"index":"index","follow":"follow","max-snippet":"max-snippet:-1","max-image-preview":"max-image-preview:large","max-video-preview":"max-video-preview:-1"},"canonical":"https:\/\/festivalclunydanse.com\/?page_id=3053","og_locale":"fr_FR","og_type":"article","og_title":"\u00c9dition 2024 - Festival Cluny Danse","og_description":"Programmation \u2013 12e \u00e9dition Festival Cluny Danse Cie Fondament&rsquo;Arts, F\u00e2-Dos | Cie La Baleine-cargo Ma montagne | Cie Accrorap, K.Attou Pr\u00e9lude | Group Berthe, Superbe(S) | Fouad Boussouf, Y\u00ebs | Aina Alegre, Etude 4, Fandango et autres cadences | Cie","og_url":"https:\/\/festivalclunydanse.com\/?page_id=3053","og_site_name":"Festival Cluny Danse","article_publisher":"http:\/\/facebook.com\/legrandjete.celle","article_modified_time":"2025-03-05T14:55:04+00:00","og_image":[{"url":"https:\/\/festivalclunydanse.com\/wp-content\/uploads\/2025\/03\/0412_Fa-dos-5_WEB.jpg","type":"","width":"","height":""}],"twitter_card":"summary_large_image","twitter_misc":{"Dur\u00e9e de lecture est.":"3 minutes"},"schema":{"@context":"https:\/\/schema.org","@graph":[{"@type":"WebPage","@id":"https:\/\/festivalclunydanse.com\/?page_id=3053","url":"https:\/\/festivalclunydanse.com\/?page_id=3053","name":"\u00c9dition 2024 - Festival Cluny Danse","isPartOf":{"@id":"https:\/\/festivalclunydanse.com\/#website"},"primaryImageOfPage":{"@id":"https:\/\/festivalclunydanse.com\/?page_id=3053#primaryimage"},"image":{"@id":"https:\/\/festivalclunydanse.com\/?page_id=3053#primaryimage"},"thumbnailUrl":"https:\/\/festivalclunydanse.com\/wp-content\/uploads\/2025\/03\/0412_Fa-dos-5_WEB.jpg","datePublished":"2025-03-05T14:55:03+00:00","dateModified":"2025-03-05T14:55:04+00:00","breadcrumb":{"@id":"https:\/\/festivalclunydanse.com\/?page_id=3053#breadcrumb"},"inLanguage":"fr-BE","potentialAction":[{"@type":"ReadAction","target":["https:\/\/festivalclunydanse.com\/?page_id=3053"]}]},{"@type":"ImageObject","inLanguage":"fr-BE","@id":"https:\/\/festivalclunydanse.com\/?page_id=3053#primaryimage","url":"https:\/\/festivalclunydanse.com\/wp-content\/uploads\/2025\/03\/0412_Fa-dos-5_WEB.jpg","contentUrl":"https:\/\/festivalclunydanse.com\/wp-content\/uploads\/2025\/03\/0412_Fa-dos-5_WEB.jpg"},{"@type":"BreadcrumbList","@id":"https:\/\/festivalclunydanse.com\/?page_id=3053#breadcrumb","itemListElement":[{"@type":"ListItem","position":1,"name":"Home","item":"https:\/\/festivalclunydanse.com\/"},{"@type":"ListItem","position":2,"name":"\u00c9dition 2024"}]},{"@type":"WebSite","@id":"https:\/\/festivalclunydanse.com\/#website","url":"https:\/\/festivalclunydanse.com\/","name":"Festival Cluny Danse","description":"Organisateur : Compagnie Le grand jet\u00e9 ! ","potentialAction":[{"@type":"SearchAction","target":{"@type":"EntryPoint","urlTemplate":"https:\/\/festivalclunydanse.com\/?s={search_term_string}"},"query-input":{"@type":"PropertyValueSpecification","valueRequired":true,"valueName":"search_term_string"}}],"inLanguage":"fr-BE"}]}},"_links":{"self":[{"href":"https:\/\/festivalclunydanse.com\/index.php?rest_route=\/wp\/v2\/pages\/3053","targetHints":{"allow":["GET"]}}],"collection":[{"href":"https:\/\/festivalclunydanse.com\/index.php?rest_route=\/wp\/v2\/pages"}],"about":[{"href":"https:\/\/festivalclunydanse.com\/index.php?rest_route=\/wp\/v2\/types\/page"}],"author":[{"embeddable":true,"href":"https:\/\/festivalclunydanse.com\/index.php?rest_route=\/wp\/v2\/users\/1"}],"replies":[{"embeddable":true,"href":"https:\/\/festivalclunydanse.com\/index.php?rest_route=%2Fwp%2Fv2%2Fcomments&post=3053"}],"version-history":[{"count":1,"href":"https:\/\/festivalclunydanse.com\/index.php?rest_route=\/wp\/v2\/pages\/3053\/revisions"}],"predecessor-version":[{"id":3076,"href":"https:\/\/festivalclunydanse.com\/index.php?rest_route=\/wp\/v2\/pages\/3053\/revisions\/3076"}],"wp:attachment":[{"href":"https:\/\/festivalclunydanse.com\/index.php?rest_route=%2Fwp%2Fv2%2Fmedia&parent=3053"}],"curies":[{"name":"wp","href":"https:\/\/api.w.org\/{rel}","templated":true}]}}